681
What is the highest common factor of 1395 and 9719740?
155
What is the highest common divisor of 2334627 and 7191?
153
Calculate the highest common factor of 2082 and 61128561.
1041
Calculate the greatest common divisor of 471466456 and 13224.
4408
Calculate the highest common factor of 1446337470 and 6.
6
What is the greatest common factor of 9 and 488262?
3
What is the highest common factor of 3297285810 and 273?
273
What is the highest common factor of 17835 and 68528015?
5945
What is the greatest common divisor of 354 and 464586?
6
What is the greatest common divisor of 133 and 116458391?
133
What is the highest common factor of 466181606 and 1672?
418
Calculate the highest common factor of 2368592061 and 363.
363
Calculate the greatest common divisor of 21781504 and 48.
16
Calculate the greatest common divisor of 29850810 and 1156.
578
What is the highest common divisor of 31583539 and 13?
13
What is the highest common factor of 375972 and 133152?
228
What is the greatest common factor of 41961 and 443841?
591
What is the highest common factor of 1266555192 and 56?
56
What is the greatest common factor of 166255 and 4510?
205
What is the highest common factor of 36670 and 45548?
386
What is the greatest common divisor of 4433284 and 12?
4
What is the greatest common divisor of 4147 and 1215448?
377
What is the greatest common factor of 105703 and 188611?
47
Calculate the highest common factor of 247886 and 121196.
82
Calculate the greatest common factor of 3845149280 and 1120.
1120
What is the highest common factor of 474035613 and 6?
3
Calculate the highest common divisor of 322509 and 530323.
29
What is the highest common divisor of 1818384 and 110037?
129
What is the highest common factor of 31409820 and 31?
31
What is the greatest common divisor of 12499 and 98861?
29
What is the greatest common factor of 56 and 35752888?
8
What is the highest common factor of 1623 and 1833846?
3
Calculate the highest common factor of 136705 and 781377.
1439
Calculate the greatest common factor of 168171 and 49880.
29
Calculate the highest common divisor of 226600 and 1669800.
2200
What is the greatest common divisor of 10577185 and 295?
5
What is the highest common divisor of 3117 and 58190234?
1039
Calculate the greatest common divisor of 12340 and 74890.
10
What is the greatest common factor of 14844128 and 77792?
7072
What is the highest common divisor of 1886820 and 20532?
708
What is the highest common divisor of 645058726 and 403?
403
What is the greatest common divisor of 587561 and 1066?
13
What is the highest common factor of 57126579 and 3345?
669
Calculate the greatest common factor of 93392 and 6273428.
1796
Calculate the greatest common factor of 5388 and 71154.
6
Calculate the highest common factor of 62351138 and 1139.
1139
What is the highest common divisor of 529913 and 7498?
163
Calculate the greatest common factor of 9480112 and 48.
16
What is the greatest common divisor of 9712260 and 9717?
237
Calculate the highest common divisor of 28035 and 43974.
63
What is the greatest common factor of 402272 and 10504?
104
Calculate the greatest common factor of 2337 and 190773.
123
Calculate the highest common factor of 9664 and 3192593.
151
What is the highest common factor of 8768 and 843912?
8
What is the highest common factor of 1436 and 482697758?
718
Calculate the greatest common factor of 2439348 and 24.
12
Calculate the highest common divisor of 816 and 68112183.
51
What is the highest common divisor of 12420 and 10462355?
115
Calculate the greatest common factor of 345997 and 16.
1
What is the greatest common divisor of 1360250 and 7000?
250
Calculate the greatest common divisor of 44781 and 342861.
69
Calculate the highest common factor of 2015 and 16262415.
65
What is the highest common factor of 111705560 and 1030?
1030
Calculate the highest common factor of 8929970 and 248994.
3074
What is the greatest common factor of 20962816 and 336?
112
Calculate the highest common factor of 129430 and 165970.
70
Calculate the highest common divisor of 124 and 58316053.
31
What is the greatest common factor of 14638290 and 2820?
30
What is the highest common divisor of 18947962 and 27434?
638
What is the greatest common divisor of 155844 and 3536312?
1924
What is the highest common divisor of 27355241 and 86425?
3457
What is the highest common factor of 6138524 and 1225?
49
Calculate the highest common factor of 496 and 659152132.
124
Calculate the greatest common divisor of 168 and 13731096.
24
What is the greatest common divisor of 67584 and 4642?
22
What is the highest common divisor of 142880469 and 409?
409
What is the greatest common divisor of 123391886 and 11372?
5686
What is the greatest common divisor of 22613060 and 2482?
34
What is the greatest common divisor of 4587 and 4176656154?
4587
What is the highest common factor of 41197 and 117?
13
What is the greatest common divisor of 9729 and 1028313?
423
What is the greatest common divisor of 81536 and 11052496?
1456
What is the greatest common factor of 18855954 and 5002?
122
Calculate the highest common factor of 32515 and 6328.
7
What is the greatest common divisor of 2800824 and 16770?
78
Calculate the highest common factor of 69893683 and 493.
29
Calculate the greatest common factor of 2885950220 and 20.
20
Calculate the greatest common factor of 23232 and 354.
6
Calculate the highest common divisor of 47879052 and 364.
52
Calculate the highest common divisor of 9937915 and 940.
235
What is the greatest common factor of 14823 and 4572072?
1647
Calculate the highest common divisor of 5025 and 35119122.
201
What is the greatest common divisor of 36 and 47567799?
9
Calculate the highest common factor of 2 and 618671.
1
Calculate the highest common factor of 119808 and 81121536.
2304
Calculate the highest common factor of 86 and 306429395.
43
Calculate the highest common divisor of 23232725 and 25.
25
What is the highest common divisor of 5904 and 102008?
328
What is the greatest common factor of 3957552 and 12112?
16
What is the highest common factor of 12643097 and 3202?
1601
What is the highest common factor of 16919228 and 109100?
4364
Calculate the highest common divisor of 1080 and 19637920.
40
Calculate the highest common factor of 32570841 and 111.
111
Calculate the highest common factor of 1954976 and 136001.
307
Calculate the greatest common factor of 242907693 and 2667.
2667
Calculate the highest common divisor of 2784546 and 15318.
666
Calculate the highest common factor of 334095 and 3825.
15
What is the highest common factor of 7622260 and 11640?
1940
What is the highest common factor of 1189080 and 156168?
648
Calculate the greatest common divisor of 16471296 and 162.
54
Calculate the greatest common divisor of 140 and 14420140.
140
Calculate the highest common factor of 1094 and 29355849.
547
What is the highest common divisor of 15 and 2935389?
3
Calculate the greatest common divisor of 2303041 and 20229.
613
Calculate the highest common factor of 6244 and 89535392.
892
Calculate the greatest common divisor of 867814 and 5270.
62
Calculate the highest common divisor of 8448 and 67386880.
2816
What is the greatest common divisor of 8854 and 2675306?
466
What is the greatest common factor of 97152 and 6204?
132
What is the highest common factor of 333171578 and 19086?
6362
Calculate the greatest common factor of 3797609 and 2765.
79
What is the highest common divisor of 128780 and 29754619?
6439
What is the greatest common factor of 28 and 216208?
4
Calculate the highest common factor of 372 and 10244964.
12
Calculate the greatest common factor of 48671 and 17441396.
2863
What is the greatest common factor of 35463 and 381?
3
What is the greatest common divisor of 2458603 and 133?
7
Calculate the greatest common factor of 120 and 67164950.
10
What is the highest common divisor of 159364 and 12940?
4
Calculate the greatest common factor of 6 and 81197538.
6
Calculate the greatest common divisor of 38556 and 576730287.
9639
What is the greatest common divisor of 5418 and 882231?
903
Calculate the greatest common divisor of 180531966 and 706.
706
What is the greatest common divisor of 169950 and 740850?
1650
What is the highest common factor of 1564 and 234772